{"id":11576,"date":"2020-07-26T10:55:06","date_gmt":"2020-07-26T08:55:06","guid":{"rendered":"https:\/\/www.gmt-menuiseries.com\/selection-menuiserie\/?page_id=11576"},"modified":"2025-08-18T13:30:09","modified_gmt":"2025-08-18T11:30:09","slug":"conditions-generales-dutilisation","status":"publish","type":"page","link":"https:\/\/www.preprod.gmt-menuiseries.com\/selection-menuiserie\/conditions-generales-dutilisation\/","title":{"rendered":"Conditions g\u00e9n\u00e9rales d&rsquo;utilisation"},"content":{"rendered":"<h1>Conditions g\u00e9n\u00e9rales d&rsquo;utilisation<\/h1>\n<p><strong>Responsabilit\u00e9s :\u00a0<\/strong><\/p>\n<p>GMT\u00a0 ne pourra \u00eatre tenu responsable de tout dommage direct ou indirect issu d&rsquo;une interruption, d&rsquo;un dysfonctionnement quel qu&rsquo;il soit, et ce pour quelque raison que ce soit, ou encore de tout dommage direct ou indirect qui r\u00e9sulterait, d&rsquo;une fa\u00e7on quelconque, d&rsquo;une connexion au site.<\/p>\n<p>La connexion de toute personne au site se fait sous son enti\u00e8re responsabilit\u00e9.<\/p>\n<p><strong>Protection des donn\u00e9es personnelles :<\/strong><\/p>\n<p>Ce site Web est en cours de d\u00e9claration aupr\u00e8s de la Commission Nationale Informatique et Libert\u00e9s (CNIL). Conform\u00e9ment \u00e0 l&rsquo;article 27 de la Loi Informatique et Libert\u00e9s du 6 janvier 1978,\u00a0les informations indispensables au traitement et \u00e0 l&rsquo;ex\u00e9cution des demandes sont signal\u00e9es par un ast\u00e9risque. Les autres informations demand\u00e9es, pour lesquelles la r\u00e9ponse est facultative, sont destin\u00e9es \u00e0 mieux conna\u00eetre les utilisateurs et ainsi \u00e0 am\u00e9liorer les services qui leur sont propos\u00e9s.<\/p>\n<p>Conform\u00e9ment \u00e0 l&rsquo;article 27 de la Loi Informatique et Libert\u00e9s du 6 janvier 1978,\u202fles utilisateurs disposent d&rsquo;un droit d&rsquo;acc\u00e8s, de rectification et de suppression des donn\u00e9es les concernant.<\/p>\n<p><em>Pour l&rsquo;exercer, adressez-vous \u00e0 :\u00a0<\/em><\/p>\n<p>GMT &#8211; Groupement Menuiseries Tradition<br \/>\njeanmichelantoine@menuiseriesantoine.fr<\/p>\n<p><strong>Loi informatique et libert\u00e9s :<\/strong><\/p>\n<p>Les donn\u00e9es personnelles que nous pourrions \u00eatre amen\u00e9s \u00e0 recueillir sont exclusivement destin\u00e9es \u00e0 nos Services Marketing et Relations Clients pour vous permettre de profiter des services offerts par le site.<\/p>\n<p>Conform\u00e9ment \u00e0 la Loi Informatique et Libert\u00e9s du 6 janvier 1978 modifi\u00e9e, vous disposez d\u2019un droit d\u2019acc\u00e8s, de modification, de rectification et de suppression des donn\u00e9es personnelles que nous pourrions \u00eatre amen\u00e9s \u00e0 recueillir. Il vous suffit de nous contacter en nous rappelant vos nom, pr\u00e9nom, adresse et e-mail\u202f:<\/p>\n<p>* par courrier \u00e0\u202f:<br \/>\nGROUPEMENT GMT CHEZ CCMIC<br \/>\nCARREFOUR DE MONTLEGUN -11000 CARCASSONNE<\/p>\n<p><strong>\u00a0<\/strong><br \/>\n<strong>Utilisation des adresses IP :<\/strong><\/p>\n<p>Une adresse IP est un nombre qui est automatiquement assign\u00e9 \u00e0 votre ordinateur par votre fournisseur d\u2019acc\u00e8s Internet lorsque vous naviguez sur le Web. Lorsque vous consultez des pages de notre site, nos serveurs enregistrent votre adresse IP.<\/p>\n<p>GMT\u00a0collecte les adresses IP pour g\u00e9rer son propre syst\u00e8me informatique et pour analyser l\u2019utilisation faite de son site. Nous ne rattachons les adresses IP \u00e0 aucune information \u00e0 caract\u00e8re personnel, ce qui signifie que vos consultations sont enregistr\u00e9es mais que vous demeurez anonyme pour nous.<\/p>\n<p><strong>L\u2019e-mail publicitaire :<\/strong><\/p>\n<p>Seuls les internautes nous ayant transmis leur adresse e-mail re\u00e7oivent des emails \u00e0 caract\u00e8re publicitaire. En fin de chaque\u00a0e-mail, vous avez la possibilit\u00e9 de vous d\u00e9sabonner par simple clic. Vous y trouvez \u00e9galement la possibilit\u00e9 de modifier l\u2019information que vous avez fournie.<\/p>\n<p><strong>Les cookies :<br \/>\n<\/strong><br \/>\nPour g\u00e9rer l\u2019int\u00e9grit\u00e9 de votre connexion, nous utilisons un cookie de session. Il s\u2019autod\u00e9truit et n\u2019enregistre aucune information sur votre ordinateur.<\/p>\n","protected":false},"excerpt":{"rendered":"<p>Conditions g\u00e9n\u00e9rales d&rsquo;utilisation Responsabilit\u00e9s :\u00a0 GMT\u00a0 ne pourra \u00eatre tenu responsable de tout dommage direct ou indirect issu d&rsquo;une interruption, d&rsquo;un dysfonctionnement quel qu&rsquo;il soit, et ce pour quelque raison que ce soit, ou encore de tout dommage direct ou indirect qui r\u00e9sulterait, d&rsquo;une fa\u00e7on quelconque, d&rsquo;une connexion au site. La connexion de toute personne&#8230;<\/p>\n","protected":false},"author":1,"featured_media":0,"parent":0,"menu_order":0,"comment_status":"closed","ping_status":"closed","template":"","meta":{"footnotes":""},"class_list":["post-11576","page","type-page","status-publish","hentry"],"acf":[],"yoast_head":"<!-- This site is optimized with the Yoast SEO plugin v24.1 - https:\/\/yoast.com\/wordpress\/plugins\/seo\/ -->\n<title>Conditions g\u00e9n\u00e9rales d&#039;utilisation - Selection Menuiserie<\/title>\n<meta name=\"robots\" content=\"index, follow, max-snippet:-1, max-image-preview:large, max-video-preview:-1\" \/>\n<link rel=\"canonical\" href=\"https:\/\/www.preprod.gmt-menuiseries.com\/selection-menuiserie\/conditions-generales-vente\/\" \/>\n<meta property=\"og:locale\" content=\"fr_FR\" \/>\n<meta property=\"og:type\" content=\"article\" \/>\n<meta property=\"og:title\" content=\"Conditions g\u00e9n\u00e9rales d&#039;utilisation - Selection Menuiserie\" \/>\n<meta property=\"og:description\" content=\"Conditions g\u00e9n\u00e9rales d&rsquo;utilisation Responsabilit\u00e9s :\u00a0 GMT\u00a0 ne pourra \u00eatre tenu responsable de tout dommage direct ou indirect issu d&rsquo;une interruption, d&rsquo;un dysfonctionnement quel qu&rsquo;il soit, et ce pour quelque raison que ce soit, ou encore de tout dommage direct ou indirect qui r\u00e9sulterait, d&rsquo;une fa\u00e7on quelconque, d&rsquo;une connexion au site. La connexion de toute personne...\" \/>\n<meta property=\"og:url\" content=\"https:\/\/www.preprod.gmt-menuiseries.com\/selection-menuiserie\/conditions-generales-vente\/\" \/>\n<meta property=\"og:site_name\" content=\"Selection Menuiserie\" \/>\n<meta property=\"article:modified_time\" content=\"2025-08-18T11:30:09+00:00\" \/>\n<meta name=\"twitter:card\" content=\"summary_large_image\" \/>\n<meta name=\"twitter:label1\" content=\"Dur\u00e9e de lecture estim\u00e9e\" \/>\n\t<meta name=\"twitter:data1\" content=\"2 minutes\" \/>\n<script type=\"application\/ld+json\" class=\"yoast-schema-graph\">{\"@context\":\"https:\/\/schema.org\",\"@graph\":[{\"@type\":\"WebPage\",\"@id\":\"https:\/\/www.preprod.gmt-menuiseries.com\/selection-menuiserie\/conditions-generales-vente\/\",\"url\":\"https:\/\/www.preprod.gmt-menuiseries.com\/selection-menuiserie\/conditions-generales-vente\/\",\"name\":\"Conditions g\u00e9n\u00e9rales d'utilisation - Selection Menuiserie\",\"isPartOf\":{\"@id\":\"https:\/\/www.preprod.gmt-menuiseries.com\/selection-menuiserie\/#website\"},\"datePublished\":\"2020-07-26T08:55:06+00:00\",\"dateModified\":\"2025-08-18T11:30:09+00:00\",\"breadcrumb\":{\"@id\":\"https:\/\/www.preprod.gmt-menuiseries.com\/selection-menuiserie\/conditions-generales-vente\/#breadcrumb\"},\"inLanguage\":\"fr-FR\",\"potentialAction\":[{\"@type\":\"ReadAction\",\"target\":[\"https:\/\/www.preprod.gmt-menuiseries.com\/selection-menuiserie\/conditions-generales-vente\/\"]}]},{\"@type\":\"BreadcrumbList\",\"@id\":\"https:\/\/www.preprod.gmt-menuiseries.com\/selection-menuiserie\/conditions-generales-vente\/#breadcrumb\",\"itemListElement\":[{\"@type\":\"ListItem\",\"position\":1,\"name\":\"Accueil\",\"item\":\"https:\/\/www.preprod.gmt-menuiseries.com\/selection-menuiserie\/\"},{\"@type\":\"ListItem\",\"position\":2,\"name\":\"Conditions g\u00e9n\u00e9rales d&rsquo;utilisation\"}]},{\"@type\":\"WebSite\",\"@id\":\"https:\/\/www.preprod.gmt-menuiseries.com\/selection-menuiserie\/#website\",\"url\":\"https:\/\/www.preprod.gmt-menuiseries.com\/selection-menuiserie\/\",\"name\":\"Selection Menuiserie\",\"description\":\"Un site utilisant WordPress\",\"publisher\":{\"@id\":\"https:\/\/www.preprod.gmt-menuiseries.com\/selection-menuiserie\/#organization\"},\"potentialAction\":[{\"@type\":\"SearchAction\",\"target\":{\"@type\":\"EntryPoint\",\"urlTemplate\":\"https:\/\/www.preprod.gmt-menuiseries.com\/selection-menuiserie\/?s={search_term_string}\"},\"query-input\":{\"@type\":\"PropertyValueSpecification\",\"valueRequired\":true,\"valueName\":\"search_term_string\"}}],\"inLanguage\":\"fr-FR\"},{\"@type\":\"Organization\",\"@id\":\"https:\/\/www.preprod.gmt-menuiseries.com\/selection-menuiserie\/#organization\",\"name\":\"Selection Menuiserie\",\"url\":\"https:\/\/www.preprod.gmt-menuiseries.com\/selection-menuiserie\/\",\"logo\":{\"@type\":\"ImageObject\",\"inLanguage\":\"fr-FR\",\"@id\":\"https:\/\/www.preprod.gmt-menuiseries.com\/selection-menuiserie\/#\/schema\/logo\/image\/\",\"url\":\"https:\/\/www.preprod.gmt-menuiseries.com\/wp-content\/uploads\/2025\/09\/Property-1logo-agence-selectionmenuiserie.png\",\"contentUrl\":\"https:\/\/www.preprod.gmt-menuiseries.com\/wp-content\/uploads\/2025\/09\/Property-1logo-agence-selectionmenuiserie.png\",\"width\":140,\"height\":96,\"caption\":\"Selection Menuiserie\"},\"image\":{\"@id\":\"https:\/\/www.preprod.gmt-menuiseries.com\/selection-menuiserie\/#\/schema\/logo\/image\/\"}}]}<\/script>\n<!-- \/ Yoast SEO plugin. -->","yoast_head_json":{"title":"Conditions g\u00e9n\u00e9rales d'utilisation - Selection Menuiserie","robots":{"index":"index","follow":"follow","max-snippet":"max-snippet:-1","max-image-preview":"max-image-preview:large","max-video-preview":"max-video-preview:-1"},"canonical":"https:\/\/www.preprod.gmt-menuiseries.com\/selection-menuiserie\/conditions-generales-vente\/","og_locale":"fr_FR","og_type":"article","og_title":"Conditions g\u00e9n\u00e9rales d'utilisation - Selection Menuiserie","og_description":"Conditions g\u00e9n\u00e9rales d&rsquo;utilisation Responsabilit\u00e9s :\u00a0 GMT\u00a0 ne pourra \u00eatre tenu responsable de tout dommage direct ou indirect issu d&rsquo;une interruption, d&rsquo;un dysfonctionnement quel qu&rsquo;il soit, et ce pour quelque raison que ce soit, ou encore de tout dommage direct ou indirect qui r\u00e9sulterait, d&rsquo;une fa\u00e7on quelconque, d&rsquo;une connexion au site. La connexion de toute personne...","og_url":"https:\/\/www.preprod.gmt-menuiseries.com\/selection-menuiserie\/conditions-generales-vente\/","og_site_name":"Selection Menuiserie","article_modified_time":"2025-08-18T11:30:09+00:00","twitter_card":"summary_large_image","twitter_misc":{"Dur\u00e9e de lecture estim\u00e9e":"2 minutes"},"schema":{"@context":"https:\/\/schema.org","@graph":[{"@type":"WebPage","@id":"https:\/\/www.preprod.gmt-menuiseries.com\/selection-menuiserie\/conditions-generales-vente\/","url":"https:\/\/www.preprod.gmt-menuiseries.com\/selection-menuiserie\/conditions-generales-vente\/","name":"Conditions g\u00e9n\u00e9rales d'utilisation - Selection Menuiserie","isPartOf":{"@id":"https:\/\/www.preprod.gmt-menuiseries.com\/selection-menuiserie\/#website"},"datePublished":"2020-07-26T08:55:06+00:00","dateModified":"2025-08-18T11:30:09+00:00","breadcrumb":{"@id":"https:\/\/www.preprod.gmt-menuiseries.com\/selection-menuiserie\/conditions-generales-vente\/#breadcrumb"},"inLanguage":"fr-FR","potentialAction":[{"@type":"ReadAction","target":["https:\/\/www.preprod.gmt-menuiseries.com\/selection-menuiserie\/conditions-generales-vente\/"]}]},{"@type":"BreadcrumbList","@id":"https:\/\/www.preprod.gmt-menuiseries.com\/selection-menuiserie\/conditions-generales-vente\/#breadcrumb","itemListElement":[{"@type":"ListItem","position":1,"name":"Accueil","item":"https:\/\/www.preprod.gmt-menuiseries.com\/selection-menuiserie\/"},{"@type":"ListItem","position":2,"name":"Conditions g\u00e9n\u00e9rales d&rsquo;utilisation"}]},{"@type":"WebSite","@id":"https:\/\/www.preprod.gmt-menuiseries.com\/selection-menuiserie\/#website","url":"https:\/\/www.preprod.gmt-menuiseries.com\/selection-menuiserie\/","name":"Selection Menuiserie","description":"Un site utilisant WordPress","publisher":{"@id":"https:\/\/www.preprod.gmt-menuiseries.com\/selection-menuiserie\/#organization"},"potentialAction":[{"@type":"SearchAction","target":{"@type":"EntryPoint","urlTemplate":"https:\/\/www.preprod.gmt-menuiseries.com\/selection-menuiserie\/?s={search_term_string}"},"query-input":{"@type":"PropertyValueSpecification","valueRequired":true,"valueName":"search_term_string"}}],"inLanguage":"fr-FR"},{"@type":"Organization","@id":"https:\/\/www.preprod.gmt-menuiseries.com\/selection-menuiserie\/#organization","name":"Selection Menuiserie","url":"https:\/\/www.preprod.gmt-menuiseries.com\/selection-menuiserie\/","logo":{"@type":"ImageObject","inLanguage":"fr-FR","@id":"https:\/\/www.preprod.gmt-menuiseries.com\/selection-menuiserie\/#\/schema\/logo\/image\/","url":"https:\/\/www.preprod.gmt-menuiseries.com\/wp-content\/uploads\/2025\/09\/Property-1logo-agence-selectionmenuiserie.png","contentUrl":"https:\/\/www.preprod.gmt-menuiseries.com\/wp-content\/uploads\/2025\/09\/Property-1logo-agence-selectionmenuiserie.png","width":140,"height":96,"caption":"Selection Menuiserie"},"image":{"@id":"https:\/\/www.preprod.gmt-menuiseries.com\/selection-menuiserie\/#\/schema\/logo\/image\/"}}]}},"_links":{"self":[{"href":"https:\/\/www.preprod.gmt-menuiseries.com\/selection-menuiserie\/wp-json\/wp\/v2\/pages\/11576","targetHints":{"allow":["GET"]}}],"collection":[{"href":"https:\/\/www.preprod.gmt-menuiseries.com\/selection-menuiserie\/wp-json\/wp\/v2\/pages"}],"about":[{"href":"https:\/\/www.preprod.gmt-menuiseries.com\/selection-menuiserie\/wp-json\/wp\/v2\/types\/page"}],"author":[{"embeddable":true,"href":"https:\/\/www.preprod.gmt-menuiseries.com\/selection-menuiserie\/wp-json\/wp\/v2\/users\/1"}],"replies":[{"embeddable":true,"href":"https:\/\/www.preprod.gmt-menuiseries.com\/selection-menuiserie\/wp-json\/wp\/v2\/comments?post=11576"}],"version-history":[{"count":5,"href":"https:\/\/www.preprod.gmt-menuiseries.com\/selection-menuiserie\/wp-json\/wp\/v2\/pages\/11576\/revisions"}],"predecessor-version":[{"id":14666,"href":"https:\/\/www.preprod.gmt-menuiseries.com\/selection-menuiserie\/wp-json\/wp\/v2\/pages\/11576\/revisions\/14666"}],"wp:attachment":[{"href":"https:\/\/www.preprod.gmt-menuiseries.com\/selection-menuiserie\/wp-json\/wp\/v2\/media?parent=11576"}],"curies":[{"name":"wp","href":"https:\/\/api.w.org\/{rel}","templated":true}]}}