{"id":9473,"date":"2020-06-19T16:51:47","date_gmt":"2020-06-19T14:51:47","guid":{"rendered":"https:\/\/www.gmt-menuiseries.com\/?page_id=9473"},"modified":"2020-07-03T14:52:08","modified_gmt":"2020-07-03T12:52:08","slug":"decoration","status":"publish","type":"page","link":"https:\/\/www.preprod.gmt-menuiseries.com\/test\/decoration\/","title":{"rendered":"Nos solutions d\u00e9corations"},"content":{"rendered":"<p>Personnalisez votre habitat \u00e0 votre image selon nos s\u00e9lections de menuiseries d&rsquo;int\u00e9rieur ou d&rsquo;ext\u00e9rieur.<br \/>\nNos professionnels partenaires sont pr\u00e9sents pour vous accompagner lors des diff\u00e9rentes \u00e9tapes de votre projet.<br \/>\nD\u00e9couvrez ici nos solutions \u00e0 porter de mains.<\/p>\n","protected":false},"excerpt":{"rendered":"<p>Personnalisez votre habitat \u00e0 votre image selon nos s\u00e9lections de menuiseries d&rsquo;int\u00e9rieur ou d&rsquo;ext\u00e9rieur. Nos professionnels partenaires sont pr\u00e9sents pour vous accompagner lors des diff\u00e9rentes \u00e9tapes de votre projet. D\u00e9couvrez ici nos solutions \u00e0 porter de mains.<\/p>\n","protected":false},"author":1,"featured_media":0,"parent":0,"menu_order":0,"comment_status":"closed","ping_status":"closed","template":"views\/presentation.blade.php","meta":{"footnotes":""},"class_list":["post-9473","page","type-page","status-publish","hentry"],"acf":[],"yoast_head":"<!-- This site is optimized with the Yoast SEO plugin v24.1 - https:\/\/yoast.com\/wordpress\/plugins\/seo\/ -->\n<title>Nos solutions d\u00e9corations - GMT Menuiseries Test<\/title>\n<meta name=\"robots\" content=\"index, follow, max-snippet:-1, max-image-preview:large, max-video-preview:-1\" \/>\n<link rel=\"canonical\" href=\"https:\/\/www.preprod.gmt-menuiseries.com\/decoration\/\" \/>\n<meta property=\"og:locale\" content=\"fr_FR\" \/>\n<meta property=\"og:type\" content=\"article\" \/>\n<meta property=\"og:title\" content=\"Nos solutions d\u00e9corations - GMT Menuiseries Test\" \/>\n<meta property=\"og:description\" content=\"Personnalisez votre habitat \u00e0 votre image selon nos s\u00e9lections de menuiseries d&rsquo;int\u00e9rieur ou d&rsquo;ext\u00e9rieur. Nos professionnels partenaires sont pr\u00e9sents pour vous accompagner lors des diff\u00e9rentes \u00e9tapes de votre projet. D\u00e9couvrez ici nos solutions \u00e0 porter de mains.\" \/>\n<meta property=\"og:url\" content=\"https:\/\/www.preprod.gmt-menuiseries.com\/decoration\/\" \/>\n<meta property=\"og:site_name\" content=\"GMT Menuiseries Test\" \/>\n<meta property=\"article:modified_time\" content=\"2020-07-03T12:52:08+00:00\" \/>\n<meta name=\"twitter:card\" content=\"summary_large_image\" \/>\n<script type=\"application\/ld+json\" class=\"yoast-schema-graph\">{\"@context\":\"https:\/\/schema.org\",\"@graph\":[{\"@type\":\"WebPage\",\"@id\":\"https:\/\/www.preprod.gmt-menuiseries.com\/decoration\/\",\"url\":\"https:\/\/www.preprod.gmt-menuiseries.com\/decoration\/\",\"name\":\"Nos solutions d\u00e9corations - GMT Menuiseries Test\",\"isPartOf\":{\"@id\":\"https:\/\/www.preprod.gmt-menuiseries.com\/#website\"},\"datePublished\":\"2020-06-19T14:51:47+00:00\",\"dateModified\":\"2020-07-03T12:52:08+00:00\",\"breadcrumb\":{\"@id\":\"https:\/\/www.preprod.gmt-menuiseries.com\/decoration\/#breadcrumb\"},\"inLanguage\":\"fr-FR\",\"potentialAction\":[{\"@type\":\"ReadAction\",\"target\":[\"https:\/\/www.preprod.gmt-menuiseries.com\/decoration\/\"]}]},{\"@type\":\"BreadcrumbList\",\"@id\":\"https:\/\/www.preprod.gmt-menuiseries.com\/decoration\/#breadcrumb\",\"itemListElement\":[{\"@type\":\"ListItem\",\"position\":1,\"name\":\"Accueil\",\"item\":\"https:\/\/www.preprod.gmt-menuiseries.com\/test\/\"},{\"@type\":\"ListItem\",\"position\":2,\"name\":\"Nos solutions d\u00e9corations\"}]},{\"@type\":\"WebSite\",\"@id\":\"https:\/\/www.preprod.gmt-menuiseries.com\/#website\",\"url\":\"https:\/\/www.preprod.gmt-menuiseries.com\/\",\"name\":\"GMT Menuiseries Test\",\"description\":\"Un site utilisant WordPress\",\"potentialAction\":[{\"@type\":\"SearchAction\",\"target\":{\"@type\":\"EntryPoint\",\"urlTemplate\":\"https:\/\/www.preprod.gmt-menuiseries.com\/?s={search_term_string}\"},\"query-input\":{\"@type\":\"PropertyValueSpecification\",\"valueRequired\":true,\"valueName\":\"search_term_string\"}}],\"inLanguage\":\"fr-FR\"}]}<\/script>\n<!-- \/ Yoast SEO plugin. -->","yoast_head_json":{"title":"Nos solutions d\u00e9corations - GMT Menuiseries Test","robots":{"index":"index","follow":"follow","max-snippet":"max-snippet:-1","max-image-preview":"max-image-preview:large","max-video-preview":"max-video-preview:-1"},"canonical":"https:\/\/www.preprod.gmt-menuiseries.com\/decoration\/","og_locale":"fr_FR","og_type":"article","og_title":"Nos solutions d\u00e9corations - GMT Menuiseries Test","og_description":"Personnalisez votre habitat \u00e0 votre image selon nos s\u00e9lections de menuiseries d&rsquo;int\u00e9rieur ou d&rsquo;ext\u00e9rieur. Nos professionnels partenaires sont pr\u00e9sents pour vous accompagner lors des diff\u00e9rentes \u00e9tapes de votre projet. D\u00e9couvrez ici nos solutions \u00e0 porter de mains.","og_url":"https:\/\/www.preprod.gmt-menuiseries.com\/decoration\/","og_site_name":"GMT Menuiseries Test","article_modified_time":"2020-07-03T12:52:08+00:00","twitter_card":"summary_large_image","schema":{"@context":"https:\/\/schema.org","@graph":[{"@type":"WebPage","@id":"https:\/\/www.preprod.gmt-menuiseries.com\/decoration\/","url":"https:\/\/www.preprod.gmt-menuiseries.com\/decoration\/","name":"Nos solutions d\u00e9corations - GMT Menuiseries Test","isPartOf":{"@id":"https:\/\/www.preprod.gmt-menuiseries.com\/#website"},"datePublished":"2020-06-19T14:51:47+00:00","dateModified":"2020-07-03T12:52:08+00:00","breadcrumb":{"@id":"https:\/\/www.preprod.gmt-menuiseries.com\/decoration\/#breadcrumb"},"inLanguage":"fr-FR","potentialAction":[{"@type":"ReadAction","target":["https:\/\/www.preprod.gmt-menuiseries.com\/decoration\/"]}]},{"@type":"BreadcrumbList","@id":"https:\/\/www.preprod.gmt-menuiseries.com\/decoration\/#breadcrumb","itemListElement":[{"@type":"ListItem","position":1,"name":"Accueil","item":"https:\/\/www.preprod.gmt-menuiseries.com\/test\/"},{"@type":"ListItem","position":2,"name":"Nos solutions d\u00e9corations"}]},{"@type":"WebSite","@id":"https:\/\/www.preprod.gmt-menuiseries.com\/#website","url":"https:\/\/www.preprod.gmt-menuiseries.com\/","name":"GMT Menuiseries Test","description":"Un site utilisant WordPress","potentialAction":[{"@type":"SearchAction","target":{"@type":"EntryPoint","urlTemplate":"https:\/\/www.preprod.gmt-menuiseries.com\/?s={search_term_string}"},"query-input":{"@type":"PropertyValueSpecification","valueRequired":true,"valueName":"search_term_string"}}],"inLanguage":"fr-FR"}]}},"_links":{"self":[{"href":"https:\/\/www.preprod.gmt-menuiseries.com\/test\/wp-json\/wp\/v2\/pages\/9473","targetHints":{"allow":["GET"]}}],"collection":[{"href":"https:\/\/www.preprod.gmt-menuiseries.com\/test\/wp-json\/wp\/v2\/pages"}],"about":[{"href":"https:\/\/www.preprod.gmt-menuiseries.com\/test\/wp-json\/wp\/v2\/types\/page"}],"author":[{"embeddable":true,"href":"https:\/\/www.preprod.gmt-menuiseries.com\/test\/wp-json\/wp\/v2\/users\/1"}],"replies":[{"embeddable":true,"href":"https:\/\/www.preprod.gmt-menuiseries.com\/test\/wp-json\/wp\/v2\/comments?post=9473"}],"version-history":[{"count":9,"href":"https:\/\/www.preprod.gmt-menuiseries.com\/test\/wp-json\/wp\/v2\/pages\/9473\/revisions"}],"predecessor-version":[{"id":9487,"href":"https:\/\/www.preprod.gmt-menuiseries.com\/test\/wp-json\/wp\/v2\/pages\/9473\/revisions\/9487"}],"wp:attachment":[{"href":"https:\/\/www.preprod.gmt-menuiseries.com\/test\/wp-json\/wp\/v2\/media?parent=9473"}],"curies":[{"name":"wp","href":"https:\/\/api.w.org\/{rel}","templated":true}]}}